 2 - 7 - 11. List the prime factors of x(21).
47
Suppose 0*s - 3*s = -6, 0 = -5*f - s + 52. Suppose -j + 4 = -f. Let g = 3 + j. What are the prime factors of g?
17
Suppose -3*i + 3 = -3. Let k be (-57 - -2)*-1 - i. What are the prime factors of k - (4 + (-3 - -2))?
2, 5
Let l = 945 - 356. List the prime factors of l.
19, 31
Let f = -8 - -12. Suppose k = 3*l - 2*k - 66, -f*l + 3*k = -83. Let d = l + -10. List the prime factors of d.
7
Let d(x) = 2*x + 33. Let m be d(-14). Suppose -2*p = -4*p - 4*q + 176, 0 = 5*p + m*q - 450. List the prime factors of p.
2, 23
Let k(h) = -764*h - 43. What are the prime factors of k(-2)?
3, 5, 11
Let b be -9*((-8)/(-12) - 2). Suppose q = -a, 8*q + b = a + 3*q. Suppose 0 = -a*w + 91 - 15. What are the prime factors of w?
2, 19
Let w(y) = 24*y**2 - 26*y + 109. What are the prime factors of w(4)?
389
Let x = -468 + 275. Let y = 358 + x. What are the prime factors of y?
3, 5, 11
Let t be (21/(-2))/((-3)/4). Suppose -23*j + 729 = -t*j. What are the prime factors of j?
3
Suppose 4*j + 5*n = 5778, 1457 = j - 2*n - 3*n. Suppose 0 = -6*h + j + 23. What are the prime factors of h?
5, 7
Let f(x) = -11*x**2 + 35*x + 23. Let p be f(17). List the prime factors of p/(-169) - 2/13.
3, 5
Let r(g) be the second derivative of g**4/4 + 2*g**3/3 - 2*g + 1. What are the prime factors of r(4)?
2
Let a be (-1892)/14 + (12/21)/4. What are the prime factors of (-3393)/a + 4/(-30)?
5
Let f(a) = -a - 1. Let b be f(-1). Suppose 5*y = 3*r - 0*y, b = r - 4*y + 7. Suppose 101 = r*h + 6. List the prime factors of h.
19
Let r(u) = -u**3 - 13*u**2 - 15*u - 14. Let a be ((-16)/(-32))/((-1)/24). What are the prime factors of r(a)?
2, 11
Let x(y) = 3*y**2 + 11*y - 10. Suppose 2*a - a + 16 = 2*b, -34 = -4*b + 3*a. List the prime factors of x(b).
2, 107
Suppose -4*t = -2*a + 76, 0*a - 115 = -5*a - 5*t. Let b = 32 - a. Let q(n) = 17*n - 14. List the prime factors of q(b).
2, 3
Let c be 5/((-3 + 5)/2). Suppose -c*d = -4*t + 560, 0 = -5*t - d - 37 + 708. List the prime factors of t.
3, 5
Let w(q) = -115*q - 125. What are the prime factors of w(-31)?
2, 5, 43
Let t(x) = -x**3 - 22*x**2 - 74*x - 27. What are the prime factors of t(-21)?
2, 3, 181
Suppose 0 = -2*h + 5*f + 521 + 1360, 4716 = 5*h + f. List the prime factors of h.
23, 41
Suppose 0 = 7*p - 2*p - 1960. What are the prime factors of p?
2, 7
Suppose -4*t + 5*t - 11 = 0. Suppose -t*v + 240 = -5*v. List the prime factors of v.
2, 5
Suppose 3*f + 3 = 0, -3*c - 2*f = -5*c + 6. Suppose -c*q = -q. Suppose 4*i - v - 198 = -0*v, 4*i - 2*v - 200 = q. List the prime factors of i.
7
Let j = 12 + -9. Suppose -3*x + 5*y = -125, -75 = x - j*x - 5*y. List the prime factors of (6/(-2))/((-3)/x).
2, 5
Let j(b) = 3*b - 9. Let t(w) = -2*w + 9. Suppose 0 = 3*i - y - 5, -7 = -5*y - 2. Let h(r) = i*t(r) + 3*j(r). What are the prime factors of h(11)?
2, 23
Suppose f - g = -18 - 23, -f = -4*g + 26. Let y be (-1 + 3)*(-17)/(-2). Let i = y - f. List the prime factors of i.
3, 7
Suppose -4*i - 494 + 129 = -5*f, 0 = 2*i. List the prime factors of f.
73
Let n = -248 + 615. List the prime factors of n.
367
Suppose a = -2*j - 2*a + 4, 5*j = a + 27. Suppose j*n - 3 = 2*w - 31, 0 = -n - 3*w + 8. Let z(l) = -11*l - 9. List the prime factors of z(n).
5, 7
Suppose 0 = 284*v - 290*v + 5526. List the prime factors of v.
3, 307
Suppose -2*b - 3*a = -7*b + 5, b - a + 1 = 0. Suppose 167 = l - 5*d, 0 = -b*l + l - 3*d + 573. What are the prime factors of l?
11, 17
Suppose 23 = -5*f - 3*j - 0, 0 = 3*f + 4*j + 16. List the prime factors of (-153)/(-1) - (4 + 1 + f).
2, 19
Let h(r) = -r - 4. Let m be h(-9). Suppose 1 = m*b - 19. Suppose n + 93 = b*n. What are the prime factors of n?
31
Suppose 5*h = 4*j - 15254, -1282 = -j - h + 2536. List the prime factors of j.
2, 3, 53
Suppose -k + 29 = 5*h + 12, -15 = -5*h. Suppose 4*o = 2*p + 74, -6*o + 66 = -3*o + k*p. List the prime factors of o.
2, 5
Let i be 66/14 + (-10)/(-35). Suppose i*d - 7 = 3. Suppose 3*a - 12 = d*a. List the prime factors of a.
2, 3
Let q = 17 + -5. Let p be q/(-42) + 3051/21. Suppose 0*m + p = 5*m. What are the prime factors of m?
29
Suppose 2*a = 4*l - 1732, 4*l - 65 - 1679 = -a. Let d = l - 296. What are the prime factors of d?
139
Suppose 57*x - 73*x + 14272 = 0. List the prime factors of x.
2, 223
Let o be (-8 + 2 - -4) + 279. Let c = o + -113. What are the prime factors of c?
2, 41
Let w(x) = 13 + 0*x - x + 4 + 0*x. Let t be w(12). Suppose 4*b + 2*v = -b + 150, v = t. List the prime factors of b.
2, 7
Let h = 3244 - 1062. List the prime factors of h.
2, 1091
Let j = -1986 + 2274. Let y = 51 - 27. Suppose 8*n - y - j = 0. List the prime factors of n.
3, 13
Let c(y) be the third derivative of -y**5/60 + 7*y**4/12 - y**3/6 + 8*y**2. List the prime factors of c(7).
2, 3
Let o(q) = 5*q**2 - 6. Let z be o(-3). Suppose 0 = -34*v + z*v + 40. Let y(h) = -h**3 - 7*h**2 - 2*h - 5. What are the prime factors of y(v)?
3, 5
Let f(c) = 30*c + 48. Let h(k) = -k - 2. Let l(m) = -f(m) - 15*h(m). List the prime factors of l(-17).
3, 79
Suppose f - 7 - 1 = 2*x, -x - 4 = 5*f. What are the prime factors of x - 5180/(-49) - 2/(-7)?
2, 3, 17
Suppose 0 = 2*y, -4*y = -x - 0*y. Suppose x = -4*v + 92 + 688. List the prime factors of v.
3, 5, 13
Let f(g) = -g**2 + 6*g + 11. Let o be f(-2). Let z(m) = 17 + m**2 - 4*m - 6 + 0*m. What are the prime factors of z(o)?
2, 7
Suppose -2*w + w = o - 321, -2*w = o - 316. What are the prime factors of 9/(-12) - o/(-8)?
2, 5
Let k(u) = 5*u**2 - 4*u - 3. Let y(x) = -2*x**2 + 12*x - 19. Let h be y(2). What are the prime factors of k(h)?
2, 3
Suppose 0 = -3*j + 5*p + 37, -4*j = p + 2*p - 1. Let d = j + -12. List the prime factors of (-126)/d + (-6)/(-24).
2
List the prime factors of -3 + 5 - (2 + -1039).
1039
List the prime factors of 0/(-2) + (203 - -13).
2, 3
Suppose -392 = -3*n - 4*x + 1256, x - 2193 = -4*n. What are the prime factors of n?
2, 137
List the prime factors of (1/((-2)/(-786)))/(0 - -1).
3, 131
Let x = 6 - 8. Let c be x*(-3)/(-18)*-15. Suppose 2*n - c = 9. List the prime factors of n.
7
Let t = 190 + 138. What are the prime factors of t?
2, 41
Suppose -3*b + 594 = 2*r, -b - 4*r + 112 = -86. Suppose 5*q - 3*q - b = 0. List the prime factors of q.
3, 11
Suppose -28 = 112*l - 116*l. List the prime factors of l.
7
Let y(x) = -x + 3. Let l be y(-5). Let v = l - 5. Suppose 17 = v*a - 2*a. What are the prime factors of a?
17
Let k = 248 + -143. Suppose 2*j - 103 = 4*m + k, 5*j + 5*m = 550. What are the prime factors of j?
2, 3
Suppose -4*x = 5*c - 1803, 4*x - 1444 = -0*c - 4*c. What are the prime factors of c?
359
Let i = 0 + -4. Let l be 0/((0 - -4)/i). Suppose -2*w + 32 = -l*w. List the prime factors of w.
2
Let b(a) = 2*a**2 + 41*a + 20. Let z be b(-20). Suppose -1010 = -5*j - 5*u + 7*u, z = 2*j - u - 403. What are the prime factors of j?
2, 3, 17
Let a = 72 - 46. Let i = a + 18. What are the prime factors of i?
2, 11
Let o(s) = -5*s**2 - 161*s - 1. List the prime factors of o(-24).
983
Let n be ((-8)/16)/(2/(-40)). Let a = n + 51. List the prime factors of a.
61
Suppose -2227 = -2*k + 14*o - 17*o, o = 1. What are the prime factors of k?
2, 139
Suppose -33 + 33 = -s. Suppose 0 = -3*a - j + 406, 2*a - 6*a - 4*j + 544 = s. List the prime factors of a.
3, 5
Let o(w) = 12*w + 65. Let l(r) = r**3 + 11*r**2 + 9*r - 2. Let i be l(-10). What are the prime factors of o(i)?
7, 23
Suppose -2*w + 3*w - 3 = 0, 2*w = 3*d - 21. Suppose 0 = 2*y + 1 - d. Suppose y*z - 343 = -139. List the prime factors of z.
3, 17
Let z(o) = o**3 - 4*o**2 - 11*o + 40. List the prime factors of z(9).
2, 173
Suppose 0 = -2*y + 2*u - 0*u + 1932, 2*y = 5*u + 1929. List the prime factors of y.
967
Suppose 2*o = 4*u - 3702 - 958, 3497 = 3*u - o. What are the prime factors of u?
3, 389
Let f(g) = -g**3 + 10*g**2 - 12*g + 1. Let c be f(6). Suppose -c = -5*w + 4*w. What are the prime factors of w?
73
Suppose 262 = -9*s + 28. Let m be 199/3 - (-2)/(-6). Let x = m + s. What are the prime factors of x?
2, 5
Suppose q = z - 3 - 4, q + 5*z = -1. What are the prime factors of q/(-15) - 3699/(-15)?
13, 19
Let r = 281 + 1702. List the prime factors of r.
3, 661
Let c = -78 - -82. Suppose -11*q - 2*g = -7*q - 730, c*q - 729 = -g. List the prime factors of q.
2, 7, 13
Let w(v) = 12*v**3 + 2*v**2 - 1. 